digit of b?
2
Let d = -2358 - -4109. What is the tens digit of d?
5
What is the units digit of (34 + 129)*((0 - -2) + -1)?
3
Let l = 10 - 10. Suppose -3*v - 37 = -6*v - 5*i, l = 4*v - i - 11. What is the units digit of v?
4
Let j be -4 + 6/1 - -3. Suppose -10*i + 80 = -j*i. Suppose 0*q + q - 5*b = i, 0 = -b - 1. What is the units digit of q?
1
Suppose -4*x + 18 = 3*o, 2*x - 10 = o - 3*o. Suppose c + q = x*c - 389, 4 = -4*q. What is the tens digit of c?
9
Suppose 1419 = 3*a - 3*g, 0 = -a + 5*g + 401 + 68. What is the units digit of a?
4
What is the tens digit of 14*575/30 + 6/9?
6
Suppose -4*h + 5*s + 1064 + 318 = 0, 1023 = 3*h + 3*s. What is the hundreds digit of h?
3
Let t(g) = 109*g - 172. What is the thousands digit of t(12)?
1
Let w(m) be the second derivative of 13*m**4/12 + 5*m**3/3 + 4*m**2 - 22*m. What is the hundreds digit of w(-4)?
1
Let s(j) = 0 - 3*j + 7 + 7*j - 2*j. Let q be s(-4). What is the units digit of q + 6/(-2) - -31?
7
Let q(l) = -4*l - 1. Let r be q(-1). Let p be 64/(-6)*(-54)/3. Suppose -p = -5*z + z - 4*b, 2*b = r*z - 159. What is the tens digit of z?
5
Let m = -11 - -13. Suppose m = 2*f, -f = b - 0*f - 16. What is the tens digit of b?
1
Let b(q) = q**2 + 13*q - 20. Let n(m) = -4*m. Let s be n(4). Let k be b(s). Suppose -j = i - k, -j = -4*i + 61 + 26. What is the units digit of i?
3
Suppose -5*g = 3*j, -6*g = -2*g + j + 7. Let d be 31 + g*6/(-9). Suppose -14 = q - d. What is the units digit of q?
9
Let a be 0 - (2 + -2)/1. Let f(l) = -l**2 + 24. What is the tens digit of f(a)?
2
Let y be ((-28)/5 - -4) + 2/(-5). What is the tens digit of (-6)/y + -3 - -80?
8
Let b(f) = -f**3 + 3*f**2 + 11*f - 17. What is the units digit of b(4)?
1
Let t(u) = 12*u**2 - 7*u - 2. Let g(o) = -6*o**2 + 3*o + 1. Let w(x) = -7*g(x) - 3*t(x). Let r be w(-3). Let b = r - 24. What is the tens digit of b?
2
Let s = -66 - -64. What is the hundreds digit of (-1940)/(-8) - (s + 1)/(-2)?
2
Suppose f - 3*l = l + 19, -3*l - 21 = -f. Let g be 2/2 - (-318)/6. Let v = g - f. What is the tens digit of v?
2
Suppose -6*i = -5364 + 1536. What is the units digit of i?
8
Suppose 5220 = 2*r + 2*r. What is the thousands digit of r?
1
Let x = 245 + 127. Suppose 4*s = -4*u + x, -2*u - 5*s = -0*u - 195. Let v = -36 + u. What is the units digit of v?
4
Let m = 3746 + -2580. What is the hundreds digit of m?
1
Let c(t) = -t + 1. Let v(j) = 24*j - 3. Let a(w) = 4*c(w) + v(w). Let d be ((-48)/(-32))/((-3)/(-2)). What is the units digit of a(d)?
1
Let u be (-1148)/(-7)*(-21)/(-12). Let p = 429 - u. What is the hundreds digit of p?
1
Let q(d) = -d**3 + 7*d**2 - 4*d + 10. Let i be q(4). Suppose i = 8*a - 438. What is the tens digit of a?
6
Let d(z) = -98*z. Let t be d(-1). Let i = t + -145. Let c = i - -66. What is the tens digit of c?
1
Let c(x) be the third derivative of x**4/24 - x**3/2 + 14*x**2. Let b(i) = i**2 + 5*i - 5. Let t be b(-7). What is the units digit of c(t)?
6
Let z = -19 + 24. Suppose z + 19 = 6*f. What is the tens digit of 19*1 - f/(-4)?
2
Let l(o) = -o**3 - 3*o + 4*o + 7 + 9*o + 7*o**2. Let a be 3/(-6) - (-17)/2. What is the units digit of l(a)?
3
Let l(t) = 1 + 4*t**3 - t**3 + 14 - t**2 - 2*t - 2*t**3. Let r(n) = n**3 - n + 16. Let d(q) = 7*l(q) - 6*r(q). What is the units digit of d(8)?
9
Suppose -1 = v - 13. Suppose v = -4*w + 8*w. Suppose -3*f = -15 + w, 3*n - 46 = 5*f. What is the units digit of n?
2
Suppose -3*p = p + 2*s + 1948, 3*s = 5*p + 2435. Let c = 761 + p. What is the units digit of c?
4
Suppose 2*b = 4, -9*d + 717 = -8*d + 4*b. What is the tens digit of d?
0
Suppose 0 = -p + 1628 - 225. What is the tens digit of p?
0
Let u be 5/((-1)/(-312)*4). What is the tens digit of (u/20)/(27/12 + -2)?
7
Let j(i) = -4*i**3 - 3*i**2 + 9*i - 13. Let s(l) = 3*l**3 + 3*l**2 - 8*l + 13. Let b(v) = -2*j(v) - 3*s(v). What is the units digit of b(-6)?
9
Suppose -4*o = f + 2, 0 = -5*f + 2*o + o + 36. Suppose z = -3*c + 14, -5*z + 10 = c - f*c. Suppose -t - 204 = -z*t. What is the units digit of t?
1
Let h be (-8)/2 + 7 + 0. Suppose l - 184 = -0*l - h*x, 2*l - 333 = x. What is the tens digit of l?
6
Let c = 358 - 88. Suppose -p = 5*j - 76 + 20, 4*p - c = 3*j. Suppose -7*i + 4*i + p = 0. What is the tens digit of i?
2
Let m = 43 - 85. What is the units digit of (m/(-9))/((-6)/(-36))?
8
Let o(m) = 37*m - 3. Let z be o(1). Suppose -z = -a - 2*w, 0 = -3*w + 11 + 1. What is the tens digit of a?
2
Suppose 0 = -4*t + 4*g - 9*g + 34, 5*g + 14 = 4*t. Suppose -3*n + t*n = 888. What is the tens digit of n?
9
Let a be 119/(2/8 - 0). Let q be (-2)/(-3) + a/(-12). Let g = -22 - q. What is the tens digit of g?
1
Suppose 0 = 2*y + 55 - 319. Suppose 4*p + 5*i - 236 = -60, y = 3*p - 2*i. What is the units digit of p?
4
Let a(h) = 29*h**2 + 6*h - 17. What is the hundreds digit of a(-4)?
4
Let o = 104 - 33. What is the units digit of o?
1
Let w(z) = 4*z - 23. Let c be w(12). Let g = c - 25. What is the units digit of (-88)/(-3 + 1) - g?
4
Let a(i) = -8*i**3 + 5*i**2 - 3*i + 1. What is the hundreds digit of a(-4)?
6
Suppose -6 = 2*l - 5*l. Suppose 0 = l*u + 2*p + p - 670, 4*u - 4*p = 1340. What is the units digit of u?
5
Let j(z) = -z**2 + 2*z**2 - 3*z + 1 - 2. Let i be j(4). Let d = i - -1. What is the units digit of d?
4
What is the hundreds digit of 1*(8 + -3) - -237?
2
Let l be 3/(-4) + (-28)/(-16). What is the units digit of l + (-4)/1 - -27?
4
Let x(c) = -2*c - 4. Suppose -4*r - 16 = 4*p - 2*p, -2*r - 4 = -p. Let o be x(r). What is the units digit of o - (-5)/(20/128)?
4
Let j be (4/2)/(11 + -12). Let s be 4/(-2)*1*j. Suppose 0 = -s*q - 4*a + 132, 5 + 20 = q - a. What is the units digit of q?
9
Suppose 2*g - m = 759, 0 = g + 7*m - 8*m - 382. What is the hundreds digit of g?
3
Let k(o) = o**2 + 5*o + 14. Let g be k(-9). Suppose 92 = g*r - 49*r. What is the tens digit of r?
9
Let h = 413 + -106. Suppose 4*o - 5*q + 0*q - 617 = 0, -2*o + 3*q + h = 0. What is the hundreds digit of o?
1
Suppose 2*b - 29 = -3*o, 3 = 5*b - 2*b. What is the units digit of o/(-3 + (-90)/(-25))?
5
Let d be 4/2 + (10 - 17). Let b(o) = o**3 + 7*o**2 + 6*o - 2. Let f be b(d). Suppose 0*u = 4*u + 4, -f = -5*v + 3*u. What is the units digit of v?
3
Suppose 4*k + 9*k = 8047. What is the tens digit of k?
1
Suppose 0 = -2*s - 2*w + 4*w + 66, 5*w + 131 = 4*s. Suppose -s = -2*b - 4*y, 3*b - 5*b + 5*y = -25. What is the units digit of b?
5
Let h(k) = 17 + 30 - 34 - 8*k. What is the tens digit of h(-15)?
3
Let z(d) = -d**3 - 10*d**2 - 3*d - 10. Let i be z(-11). Suppose 384 = 4*g - i. What is the tens digit of g?
3
Let p = 1 + 3. Suppose 4*o + 2*s = -8, 2*o - p*s + 8*s = -16. Suppose 2*r + 4*b - 74 = o, 2*r - b - 240 = -3*r. What is the units digit of r?
7
Let f = 4592 - 3278. What is the tens digit of f?
1
Let n be 1 + -1 + (1 - 2). Let l(t) be the third derivative of -t**6/12 + t**5/60 + t**4/24 + t**3/6 - 8*t**2. What is the units digit of l(n)?
1
What is the units digit of (-1107748)/(-489) + (-1)/3?
5
Suppose 2*s - 10 = 4. Suppose -s*c = -2*c + 3*g - 50, -4*g = -3*c + 30. Suppose 5*p - 95 + c = 0. What is the tens digit of p?
1
Let t = -2426 + 4013. What is the thousands digit of t?
1
Suppose -4*i + 2301 = 4*x - 3331, 5*x - 7049 = -2*i. What is the thousands digit of x?
1
Let g = -249 - -488. Let m = -51 + g. What is the units digit of m?
8
Suppose -2*d - d + 14 = 4*g, 4*d - 4*g = 28. Suppose 5*k + 59 = d*k. What is the tens digit of k?
5
Let m(i) be the first derivative of -6*i + 2 + 3*i + 3*i**2 + 0 + 2*i. What is the tens digit of m(4)?
2
Suppose 0 = -15*w - 5475 + 765. Let y = -183 - w. What is the units digit of y?
1
Suppose 4*f + 5*l = 37, 4*l - 6 = 5*f - 1. Suppose -2*r + 265 = -0*r - 5*a, 4*r - a = 485. Suppose 3*p - r = -f. What is the tens digit of p?
3
Let l(p) = -p**3 - 26*p**2 + 41*p - 120. What is the hundreds digit of l(-31)?
4
Let a = -22 - -30. Suppose y + 4*r = 55, y - 3*r = -a*r + 58. Let w = y - 4. What is the units digit of w?
9
Suppose 10*t = 5*t + 9100. What is the tens digit of t?
2
Let i = 29 + -29. Suppose -2*z + z = 5*h - 45, i = 2*h - 4. What is the tens digit of z?
3
Suppose 1684 = -5*u + 4759. What is the units digit of u?
5
Suppose -2*k + 107 + 44 = -w, 2*k - 3*w - 153 = 0. Let h(y) = -y**2 - 4*y + 4. Let a be h(-4). Suppose -1 = -a*n + k. What is the tens digit of n?
1
Wha